-2*p + 2*d - 6*d + 72, 3*p + 5*d - 103 = 0. What is the units digit of p?
6
Suppose -3*j = -4*b + 1738, -6 = -3*j + 6*j. What is the tens digit of b?
3
Suppose -3*k + 8*k - 4*b + 86 = 0, -40 = 4*k + 4*b. Let d be k/(-63) - (-43)/9. Suppose 7*c = -d*z + 4*c + 204, 4*c = -3*z + 118. What is the units digit of z?
2
Suppose 2 = -2*q + 6. Suppose -q + 6 = -t, 3*u = -5*t + 259. What is the tens digit of u?
9
Suppose 3*k - 33 + 15 = 0. Let x(d) = -d**3 + 4*d**2 + 10*d + 14. Let a be x(k). What is the tens digit of (-1 + 35)*a/4?
1
Let n(i) be the third derivative of 1/10*i**5 - 1/120*i**6 + 1/3*i**3 - 10*i**2 - 5/24*i**4 + 0 + 0*i. What is the units digit of n(5)?
2
Suppose 11*t - 8*t = 3*b + 1383, -5*b + 10 = 0. What is the units digit of t?
3
Let a = 6 + -8. Let u be a/6*(-36)/(-6). What is the units digit of u*(-4 + (-3 - -6))?
2
Let c(r) = 1285*r**2 + 17*r + 18. What is the thousands digit of c(-1)?
1
Let r be 20/(-16) + 3/(-4 + 16). What is the hundreds digit of r + (-208)/6*-3?
1
Let b(c) = c + 17. Let x be b(9). What is the tens digit of (936/x)/((-1)/(-2))?
7
Let o = 205 - -1423. What is the units digit of o?
8
Let t = -32 - -36. Suppose c = 2*z - 5*z + 27, 0 = t*c - 2*z - 150. What is the tens digit of c?
3
Let i be (-30)/(-20) + (-7)/(-2). Suppose -2*u = 3*u + a - 629, -i*a - 5 = 0. What is the hundreds digit of u?
1
Suppose 0 = -4*j + 5*j. Suppose 3*r + j*r - 11 = q, 5*r - 25 = 5*q. Let i = q - -16. What is the units digit of i?
4
Let j(u) = 0 + 0 - 4 + 3*u + 2. What is the units digit of j(3)?
7
Let r = 10 - 6. Suppose 8*t - r*t - 16 = 0. Suppose -4*f + 20 = t. What is the units digit of f?
4
Suppose -3*d - 82 = 2*i, -4*i - d - 90 = -2*i. Let l = 30 - i. What is the units digit of l?
7
What is the tens digit of (-1)/(-2) - (-3 - (-3502)/(-4))?
7
Let f be ((-522)/(-9))/(1/12). Suppose -33*m + 37*m = f. What is the tens digit of m?
7
Let n be 20/(-6) + (-54)/81. Let b(a) = a**3 + 7*a**2 + 6*a + 2. What is the units digit of b(n)?
6
Suppose -4*a + 3*b = 480, -6*a = -10*a - 2*b - 480. Let z = 180 - a. What is the units digit of z?
0
Suppose 100*p + 748 = 96*p. Let h = p - -384. What is the tens digit of h?
9
Let p be 0 - -4*6/(-8). Let x be (1 - 31)/p*9. Suppose -3*u - 2*u = -x. What is the tens digit of u?
1
Suppose -5*y + 4*y + 5 = 0. Let g be 18/y - 2/(-5). Suppose -g*q + 66 = -q. What is the tens digit of q?
2
Let x(o) = 17*o + 47. What is the hundreds digit of x(17)?
3
Suppose 3*u - 520 = 56. What is the hundreds digit of u?
1
Let y = -226 - -413. Suppose y*f - 188*f + 206 = 0. What is the hundreds digit of f?
2
Suppose -x - 5 = 0, 4*x + 32 = 3*d - 0*d. Let j be -4*(d/2 + -3). Suppose -o + j*o = 3. What is the units digit of o?
1
What is the tens digit of 183*(-24)/(-18)*3?
3
Suppose -41*o - 14178 = -58*o. What is the hundreds digit of o?
8
Let h(q) = -3*q + 12. Let n be h(-7). Let t = 7 + n. What is the units digit of t?
0
Suppose 5*l - 832 = -g, 2*g = -2*l - 812 + 2452. What is the units digit of g?
7
Suppose -16*r + 4311 = -9545. What is the hundreds digit of r?
8
Suppose -491*m = -493*m + 56. What is the tens digit of m?
2
Suppose v = -40*q + 44*q + 701, -2*v + 2*q + 1414 = 0. What is the tens digit of v?
0
Let s = -109 + 53. What is the units digit of -3 + ((-18)/(-12))/((-3)/s)?
5
Suppose 0*i + 5960 = 4*i. What is the tens digit of i?
9
What is the thousands digit of -1643*144/(-64) - (-6)/(-8)?
3
Let f = 1230 + -634. What is the units digit of f?
6
Let a be (-22)/(-66)*(-1 - -1). Let c(f) = -2*f + 66. What is the units digit of c(a)?
6
Let y(z) = -z**3 + 10*z**2 + 43*z + 5. What is the tens digit of y(9)?
7
Let z = 9 - -25. Let a = z + -33. What is the units digit of a?
1
Let m(v) = v**3 - 8*v**2 - 4*v + 11. Let i be m(8). Let n = i - -23. Suppose 44 + 14 = t - n*c, 0 = -3*t - c + 139. What is the units digit of t?
8
Suppose -22*w = -7*w - 2475. What is the hundreds digit of w?
1
Suppose -q + 477 = r, -5*q - 1471 = -3*r - 0*q. What is the tens digit of r?
8
Suppose -10*x + 228 - 818 = 0. Let v = 43 - x. What is the hundreds digit of v?
1
Let a = -13 + -29. What is the units digit of (-3)/15*-5 - a?
3
Let l(f) = 0*f**3 - 6*f**3 + 7*f**3 - 8*f**2 - 1 - 9*f. Let r be l(9). What is the units digit of 7*(-1)/r + 1?
8
Suppose 669 = -5*a + 2164. Suppose -13*g + 2262 = a. What is the hundreds digit of g?
1
Let t(h) = 32*h. Let l be t(1). Suppose -3*c + 262 = -l. What is the units digit of c?
8
Suppose 3*y = -w + 616, -3*w - y = 3*y - 1823. Suppose 4*u - 207 - w = 0. What is the tens digit of u?
0
Let o be ((-24)/(-9))/(1/3). Let k(j) = 3*j + 7. What is the units digit of k(o)?
1
Suppose v - 2*u = 0, u + 1 + 0 = v. Let h be (-1)/2*(-16)/v. What is the units digit of 2 + h + 2 - 0?
8
Let q(s) = s**2 + 14*s - 5. Let h(g) = -4*g**2 + 3*g + 5. Let n be h(-2). What is the tens digit of q(n)?
4
Let j(r) = -2*r**2 - 3 - r**2 - 2*r + r + 2*r**2. Let t be j(4). Let o = 39 + t. What is the tens digit of o?
1
Suppose 2*m + 2*r - 526 = 0, 2*m + 0*r - 4*r = 514. What is the tens digit of m?
6
Let k(l) = 2*l + 8. Let d be k(-4). Suppose 19*b - 16*b - 18 = d. What is the units digit of b?
6
Let g be (3/(-4) + 6/(-24))*18. Let k(c) = c**3 + 18*c**2 - 6*c + 3. What is the hundreds digit of k(g)?
1
Suppose 0*c + 428 = 4*z - 4*c, 5*c = -3*z + 289. What is the units digit of z?
3
Let f = -3 + -6. Let j(o) = -o + 3. Let p be j(f). Let u = -8 + p. What is the units digit of u?
4
Suppose -3*c - d = 1 + 4, 3*d = -15. Suppose -248 = -3*l - p, c = 4*l - 7*l + p + 250. What is the tens digit of l?
8
Suppose 1788 = 7*x - 4*x. What is the hundreds digit of x?
5
Let i = 3188 - 2198. What is the tens digit of i?
9
Suppose 10 = 3*k - k. Suppose -4*t + 48 = 2*y - 100, -2*t - 322 = -k*y. What is the tens digit of y?
6
Let o(s) = s**3 - 14*s**2 - 6. Let q be o(13). What is the tens digit of -15*(720/q - 6/21)?
6
Let j(w) = 17*w**3 + 2*w - 3. Let c be j(1). Suppose -c*t + 14*t + 254 = 0. What is the units digit of t?
7
Let o be 4/(-24) - (1 + (-418)/(-12)). What is the units digit of -302*(2/(-8) - (-9)/o)?
1
Let p be 9/6*(4 + (-40)/(-15)). Suppose p*g - 7*g = -3*t + 612, 0 = -4*g + 20. What is the hundreds digit of t?
1
Suppose 62 + 93 = -5*y. Let g = y - -76. What is the tens digit of g?
4
Let o = 341 - 241. Suppose 5*u = -4*g + 185, -3*g + o + 5 = -3*u. What is the units digit of g?
0
Let d be (2*(-2)/1)/(-2 - -1). Suppose -3*u - 53 = 4*c - 168, 0 = d*u - 3*c - 195. What is the units digit of u?
5
Let z(s) = s**2 + 15*s - 9. Let o be z(-9). Let n = o + 141. What is the units digit of n?
8
Let l = 1075 + -257. What is the units digit of l?
8
Let o(m) = -202*m + 390*m - m**2 - 1 - 195*m. Let j(h) = h**3 + 4*h**2 - 3*h + 4. Let p be j(-5). What is the units digit of o(p)?
5
Suppose 0*k = 4*k, 4*k - 40 = -5*y. Let t be (-108)/(-48)*(-16)/(-3). Suppose y + t = 2*f. What is the tens digit of f?
1
Suppose 0*a = -2*a - 30. Let u be ((-4)/6)/((-10)/a). Let z = u + 2. What is the units digit of z?
1
Let h = 549 - -272. What is the units digit of h?
1
Let x be 1*(-85)/(-2 + 1). Let v = 147 - x. What is the tens digit of v?
6
Suppose 2*d + 4*t = -10, 3*d - 6*d - 3*t - 3 = 0. Suppose -d*y + 5*k = -179 - 38, k + 261 = 4*y. What is the units digit of y?
4
Suppose 12 = 3*a, 2*b - 5*a + 696 = 4*b. Suppose 4*d - 2*v - 730 = 0, 2*d - 4*v - b - 30 = 0. What is the units digit of d?
2
Let s(q) = q**2 - q + 8. Let u be s(5). Let l = 1 + 4. Suppose -202 = -l*t + u. What is the units digit of t?
6
What is the thousands digit of 0/2 + (2733 - -30)?
2
What is the tens digit of (-18)/(-3) - (-1065)/15?
7
Suppose -9*y + 2912 = 7*y. Let h = y - 66. What is the hundreds digit of h?
1
Let s(p) = -8*p**2 + 98*p + 2. What is the tens digit of s(4)?
6
Let y = -14 - -39. Suppose 2*x + 3*n + 0*n = -15, -5*n = -2*x + y. Suppose x = 2*d + 12 - 70. What is the units digit of d?
9
Let d(l) = -l + l + 2*l**2 - l**2 + 10. What is the tens digit of d(-6)?
4
Let b(a) = -2*a - 10. Let u(y) = -y**3 - 5*y**2 - 4*y - 3. Let n be u(-4). Let x = -3 + n. What is the units digit of b(x)?
2
Let k(p) = -22*p**2 - p - 5. Let t be k(5). Let c = -247 - t. What is the units digit of c?
3
Let t(h) = h**3 + 15*h**2 - h - 11. Let f be t(-15). Let u(v) = -2*v**2 + 3*v - 2. Let l be u(f). What is the units digit of 0 - -3*l/(-3)